 the highest common factor of w and r?
3
Let m(d) be the second derivative of 5*d**3/3 - d**2 + 6*d. Let u be m(1). What is the highest common divisor of 32 and u?
8
Suppose -5*i + x + 64 + 298 = 0, 295 = 4*i + x. Let v = 143 - i. Let d be (-21)/4*(-16)/6. What is the highest common divisor of d and v?
14
Suppose 0 = f - 6 - 181. What is the greatest common factor of 17 and f?
17
Let r = 1 + -6. Let n = 7 + r. Let q(f) = 3*f + 7. Let h be q(5). Calculate the greatest common divisor of n and h.
2
Let x(n) = -n**3 + 7*n**2 + 8*n - 1. Let l be x(-4). Calculate the highest common factor of 26 and l.
13
Suppose -2*l + 304 = -408. Suppose -22 = -3*y + l. What is the greatest common factor of y and 14?
14
Suppose 94 + 28 = 2*z + 3*g, -157 = -3*z + 2*g. Let b(p) = 16*p**2 - p. Let t be b(-1). Suppose 2*q = z + t. Calculate the greatest common factor of 9 and q.
9
Suppose 336 = 15*i - 8*i. Calculate the greatest common divisor of i and 12.
12
Let o(h) = -h**2 + 25*h + 12. Let c be o(25). Calculate the highest common factor of c and 156.
12
Suppose 2*l = h - 17, 2*h - 3*l - 31 = -0. Let q(b) = -9*b + 1. Let k be q(-3). Let n = k - h. What is the highest common factor of 102 and n?
17
Suppose 8 = -0*f + 4*f. Suppose -3*v = -6, 5*v = f*l + l - 386. Let u = 104 + -92. Calculate the highest common factor of u and l.
12
Let u(t) = 21*t**2 - 2*t. Let i be u(-2). What is the greatest common divisor of i and 22?
22
Let b = -6 - -12. Suppose -b*x = -2*x - 184. Calculate the greatest common factor of x and 69.
23
Let k(x) = 3*x**2 - 3*x - 3. Let h be k(3). Calculate the greatest common divisor of 30 and h.
15
Let a(k) = -91*k. Let p(m) = m. Let b(j) = a(j) + 65*p(j). Let y(n) = n + 2. Let u be y(-3). Let o be b(u). Calculate the greatest common factor of 65 and o.
13
Let l = -6 - -38. Suppose 4*s - 3*s + 18 = 0. Let p = s - -34. Calculate the greatest common factor of l and p.
16
Let k(x) = -x**3 + 1. Let d be k(-2). What is the highest common divisor of d and 3?
3
Suppose 2*f = -t + f + 446, 5*t - 5*f = 2250. Calculate the highest common divisor of t and 56.
56
Let i(p) = -p + 2. Let n(r) = 2. Let d(a) = 3*i(a) - 2*n(a). Let z be d(-1). What is the greatest common factor of z and 15?
5
Let b = -3 - 3. Let c be 46/6 + 4/b. Let w = -17 + 31. Calculate the greatest common factor of w and c.
7
Let j(c) = -441*c - 1. Let a be j(-1). Suppose 3*f + 4*z = a, 2*f = -0*z + 5*z + 255. What is the highest common factor of f and 20?
20
Suppose -2*p - 2*p = 24. Let r = p + 14. What is the greatest common factor of r and 20?
4
Suppose 2*x + 12 = -x, 0 = 2*g - 5*x - 44. Suppose 2*f = g + 36. Let v(a) = 4*a**2 - 2*a + 4. Let m be v(4). Calculate the highest common factor of f and m.
12
Suppose -12 = 3*k, t - 5*k + 0*k = 44. What is the greatest common divisor of 12 and t?
12
Let p(m) = m**2 - m - 5. Suppose 3*l + 6 + 6 = 0. Let b be p(l). What is the greatest common divisor of 45 and b?
15
Let a(x) = -5*x - 39. Let b be a(-19). Calculate the greatest common factor of 8 and b.
8
Let x be (-1*(-15)/2)/((-3)/(-10)). Calculate the highest common factor of x and 10.
5
Let n(f) = -f + 19. Let x be n(11). Calculate the highest common divisor of 20 and x.
4
Suppose -4*n + 5*n = 2. Suppose -3*d + 12 = -n*d. Suppose 5*f - 35 = l, -f = l - 1 - 0. What is the greatest common divisor of f and d?
6
Suppose -13 - 9 = -v. What is the greatest common divisor of v and 33?
11
Suppose 8*v - 495 = 3*v + 3*q, 297 = 3*v + q. Suppose 5*t + 33 = 4*f, f + 8 + 5 = -3*t. Suppose 6 = f*i - 12. What is the greatest common divisor of v and i?
9
Suppose 9 = 2*c + c. Suppose c*q + 15 = 3*n, 4*q - 36 = -4*n - 0*q. Let v be 0 + 2 + -1 + 34. Calculate the greatest common factor of v and n.
7
Suppose 0 = -5*i + 9*i - 12. Suppose 3*z = i*a - 168, a - 2*z - 60 = -0*a. Calculate the greatest common factor of a and 13.
13
Let w = -7 + -4. Let u = w + 29. Calculate the greatest common divisor of u and 2.
2
Suppose 5 + 1 = -3*q. Let y be 2*q/4 + 5. Suppose 4*u = h - y, -2*h = 6*u - u - 21. What is the greatest common divisor of 40 and h?
8
Let f be (1 + -49 + 0)*-1. Let t be 326/10 + 22/55. Let l = f - t. Calculate the highest common divisor of l and 75.
15
Let o be 8/(-40) + 28/(-10). Let z(a) = -a**2 - 7*a - 4. Let c be z(o). Suppose -3*t = -2*t - c. What is the highest common divisor of t and 8?
8
Let t be (-14)/(2/(-2)) + -4. Let g = -44 + 64. Calculate the greatest common factor of g and t.
10
Let t = 0 - -3. Let m(s) = -t*s - s**3 - 7*s**2 - 4 - 2 + 5. Let u be m(-7). Calculate the greatest common divisor of u and 5.
5
Suppose -2*h + 4 + 0 = 0. Suppose -14*s + 65 = 9. What is the greatest common factor of h and s?
2
Let b be ((-34)/4)/((-2)/4). What is the highest common factor of b and 119?
17
Let c be (-6)/(-18) - (-26)/3. What is the highest common factor of c and 45?
9
Suppose -3*n + 9 = -4*k - 0, n = 4*k + 11. Let i(g) = 6*g**2 + 3*g + 3. Let s be i(k). Calculate the highest common divisor of s and 32.
16
Suppose -j + 30 = j. What is the greatest common divisor of j and 5?
5
Let z be -8*(-2)/(-4) - -6. Suppose z*o - 2*c - 10 = 0, 5*o = -2*c + 6 + 40. Let g(h) = 2*h + 6. Let u be g(5). Calculate the highest common factor of u and o.
8
Suppose 4*g + k - 700 = 0, 2*g - 900 = -3*g + 5*k. Suppose -59 = -4*u - 10*h + 5*h, u + 4*h = 12. What is the highest common factor of g and u?
16
Suppose k = 5*t + 11, 0 = k - 2*t - 23 + 3. What is the greatest common divisor of 130 and k?
26
Let b = -118 - -126. What is the greatest common factor of 88 and b?
8
Let k = -117 + 197. What is the greatest common divisor of 16 and k?
16
Let g(d) = -3*d + 3*d - 2*d + 16*d**2. Let p be g(2). What is the highest common divisor of p and 12?
12
Suppose -51 = 3*v - 6*v. Suppose 8*k = -4*z + 5*k + 27, 0 = 4*z + k - v. Calculate the highest common factor of z and 1.
1
Let o(y) = -y**2 - y + 2. Let u be o(2). Let b be 25/(-10) - 2/u. Let j be (14 - 3)/(b/(-14)). What is the highest common factor of 7 and j?
7
Let v = 5 - 0. Suppose -36 = -v*j + 2*l, 4*l + 6 = j - 12. Let x = -129 - -195. Calculate the highest common divisor of j and x.
6
Let x = 86 - 85. What is the greatest common divisor of 4 and x?
1
Suppose -194 = 8*s - 834. Let n be -3 + 5 + -1 + 19. Calculate the highest common factor of n and s.
20
Suppose 3*o = 4*o - 401. Let a be 1*((o - 1) + -2). Suppose -4*x + a - 118 = 0. Calculate the highest common divisor of x and 14.
14
Let a be 20 - 1 - (-1 + 4). Let y(f) = -f**3 + 5*f**2 - 4*f + 4. Let i be y(4). What is the greatest common factor of i and a?
4
Suppose 10 = -5*b - 5*l, 2*l - 13 = 5*b + 4*l. Let q be b/6 + (-366)/(-4). What is the greatest common divisor of 13 and q?
13
Suppose -2*g + 4 = -6. What is the greatest common factor of 40 and g?
5
Suppose -2*n + 0 = -5*t - 5, 4*n - 4*t = 28. Let i(h) = 3*h - 2. Let z be i(4). What is the highest common divisor of n and z?
10
Suppose 0*j - 5*j = -275. What is the greatest common divisor of j and 22?
11
Suppose 3*w = 8*w - 15. Suppose 4*t - 41 = w. Let y be -18*(1 - 39/6). What is the greatest common divisor of t and y?
11
Let m(g) = g**3 - 7*g**2 + 7*g + 1. Let f be m(6). What is the greatest common factor of 56 and f?
7
Suppose 4*i = 5*a + 562, -2*i + a + 284 = -0*a. Let x be 3/(-9) + (-47)/3. Let k be (-3)/3*(x - -3). Calculate the greatest common factor of i and k.
13
Let t = -6 + 4. Let w be (-3)/5*(-7 - t). Suppose 5*r - 27 = 2*g, -r = -g + w - 6. Calculate the highest common factor of 7 and r.
7
Let a be (-2)/7 + 780/35. Suppose -2*j + 5*j + 2*p - 722 = 0, -2*j - p + 482 = 0. What is the highest common divisor of j and a?
22
Suppose 2*q + 0*q = 10. Suppose -3*o - 3*l + 136 = l, 5*o - 4*l - 248 = 0. Suppose 2 + o = q*d. Calculate the greatest common divisor of d and 10.
10
Suppose 3*b = 43 + 2. What is the greatest common divisor of b and 5?
5
Suppose -1 - 2 = -u, -u - 9 = -4*r. Suppose 5*n - 8 - 1 = 2*i, r*n = 2*i + 7. Let k be 91 + i/((-2)/(-1)). What is the highest common divisor of k and 10?
10
Let s(v) = 0*v + 1 + 18*v**2 - 4*v + 2*v + 1. Let u be s(2). Let z(o) = -14*o. Let n be z(-2). What is the greatest common factor of n and u?
14
Let u = 15 + -7. Let y(o) = 2*o - 4. Let p be y(u). What is the greatest common divisor of 96 and p?
12
Suppose 0 = w - 2*u, -5*w - 2 